{"id":194,"date":"2020-06-09T19:59:10","date_gmt":"2020-06-09T19:59:10","guid":{"rendered":"http:\/\/wp2.falzw.de\/?page_id=194"},"modified":"2021-02-23T15:43:20","modified_gmt":"2021-02-23T15:43:20","slug":"ausbildungsangebot","status":"publish","type":"page","link":"https:\/\/falzw.de\/index.php\/ausbildungsangebot\/","title":{"rendered":"Ausbildungsangebot"},"content":{"rendered":"<body>\n<h3 class=\"wp-block-heading\">Folgende Ausbildungsg\u00e4nge sind bei uns m\u00f6glich:<\/h3>\n\n\n\n<ul class=\"wp-block-list\"><li>Privatpilotenlizenz (Flugzeug) \u2013 PPL (A) nach EASA Part-FCL<\/li><li>Privatpilotenlizenz (Leichtflugzeug) \u2013 LAPL (A) nach EASA Part-FCL<\/li><li>Privatpilotenlizenz (Hubschrauber) \u2013 PPL (H) nach EASA Part-FCL<\/li><li>Check- und \u00dcberpr\u00fcfungsfl\u00fcge VFR, IR, EIR und Nacht VFR<\/li><li>CB-IR \u2013 Berechtigung*<\/li><li>IR \u2013 Berechtigung *<\/li><li>BZF I\/II<\/li><li>AZF<\/li><li>Klassenberechtigung \u201cEinmotorige Landflugzeuge bis 2000 kg mit Kolbenmotor\u201d<\/li><li>Klassenberechtigung \u201cTouringMotorGlider\/Reisemotorsegler (TMG)<\/li><li>NVFR-Berechtigung<\/li><li>Individualuntericht Hubschrauber<\/li><li>Individualuntericht Flugzeug<\/li><\/ul>\n\n\n\n<p>* \u00a0 in Kooperation mit Partnerflugschulen<\/p>\n\n\n\n<h4 class=\"wp-block-heading\">Nicht gefunden wonach Sie suchen? <a href=\"http:\/\/www.falzw.de\/#contact\">Fragen sie uns an!<\/a><\/h4>\n\n\n\n<p><\/p>\n<\/body>","protected":false},"excerpt":{"rendered":"<p>Folgende Ausbildungsg\u00e4nge sind bei uns m\u00f6glich: Privatpilotenlizenz (Flugzeug) \u2013 PPL (A) nach EASA Part-FCL Privatpilotenlizenz (Leichtflugzeug) \u2013 LAPL (A) nach EASA Part-FCL Privatpilotenlizenz (Hubschrauber) \u2013 PPL (H) nach EASA Part-FCL Check- und \u00dcberpr\u00fcfungsfl\u00fcge VFR, IR, EIR und Nacht VFR CB-IR \u2013 Berechtigung* IR \u2013 Berechtigung * BZF I\/II AZF Klassenberechtigung [&hellip;]<\/p>\n","protected":false},"author":3,"featured_media":0,"parent":0,"menu_order":0,"comment_status":"closed","ping_status":"closed","template":"","meta":{"om_disable_all_campaigns":false,"_monsterinsights_skip_tracking":false,"_monsterinsights_sitenote_active":false,"_monsterinsights_sitenote_note":"","_monsterinsights_sitenote_category":0,"footnotes":""},"class_list":["post-194","page","type-page","status-publish","hentry"],"jetpack_sharing_enabled":true,"_links":{"self":[{"href":"https:\/\/falzw.de\/index.php\/wp-json\/wp\/v2\/pages\/194","targetHints":{"allow":["GET"]}}],"collection":[{"href":"https:\/\/falzw.de\/index.php\/wp-json\/wp\/v2\/pages"}],"about":[{"href":"https:\/\/falzw.de\/index.php\/wp-json\/wp\/v2\/types\/page"}],"author":[{"embeddable":true,"href":"https:\/\/falzw.de\/index.php\/wp-json\/wp\/v2\/users\/3"}],"replies":[{"embeddable":true,"href":"https:\/\/falzw.de\/index.php\/wp-json\/wp\/v2\/comments?post=194"}],"version-history":[{"count":4,"href":"https:\/\/falzw.de\/index.php\/wp-json\/wp\/v2\/pages\/194\/revisions"}],"predecessor-version":[{"id":297,"href":"https:\/\/falzw.de\/index.php\/wp-json\/wp\/v2\/pages\/194\/revisions\/297"}],"wp:attachment":[{"href":"https:\/\/falzw.de\/index.php\/wp-json\/wp\/v2\/media?parent=194"}],"curies":[{"name":"wp","href":"https:\/\/api.w.org\/{rel}","templated":true}]}}